 + (36 - -26 - 71) + 2 + 18.
0
(402 - 379) + (0 - -6 - 29)
0
Evaluate 15 - 22 - (9 + (-11 - -23 - 4)).
-24
What is the value of 78 + ((-11 - -4) + 10 - (-14 + 15 - 0))?
80
Calculate (-2 - -21) + (20 - 13 - 3) + 8.
31
Calculate (14 - -4) + (14 - ((15 - (-13 - -17)) + 1)).
20
(103 - (-204 - -271)) + 1 + -83
-46
Calculate 58 + 63 + -26 + -23.
72
What is the value of -60 + 33 + 3 + -6?
-30
7 - (43 + 26 + -46)
-16
-9 - -30 - (-100 + 92)
29
Evaluate (-2 - -1 - -31 - 2) + (12 - 21 - -16).
35
Calculate 2 + -37 + 69 - 24 - (106 - (-1 - 1)).
-98
Calculate (11 - (51 + 1)) + 1 + (11 - (10 - 5)).
-34
What is the value of (68 - 71 - (16 + -10)) + -18?
-27
Evaluate 64 + -64 + 0 + 66.
66
Evaluate (-25 - -7) + (2 - (1 + (-3 - -9 - -1))).
-24
Evaluate -33 - (-62 - (-19 + -69)).
-59
What is 2 + -75 + (0 - 3) + -10 + 13 + -8?
-81
Evaluate -1203 + 1183 - (-48 - 1).
29
(65 + 40 - (-1 - -11 - (-35 - -40))) + -6
94
Calculate (46 - 76) + 35 - (-3 + 9 - 4 - -33).
-30
Evaluate 26 - ((194 - 21) + -125).
-22
Calculate -48 + 39 + 12 - (-3 - (1 + -14)).
-7
Evaluate -28 - ((31 - 45 - (7 - 22)) + 0 + 9).
-38
Calculate (46 - 65 - -75) + (3 - 2).
57
Evaluate (-2 - -13) + (6 - (118 - 1)) - (-59 + 56).
-97
What is 7 + (2 - -18) + 18 + -20 + -11?
14
Calculate 36 - (64 - (238 - 122)).
88
What is 3 + (26 + 5 - 43) - 106?
-115
Evaluate (228 - 222) + 6 + -6 + (-9 - 0) - -22.
19
Evaluate -20 - (45 + 69 + -183).
49
Calculate 5 - (-12 + 5 + -9 + 8 + -2 - 26).
41
(19 - (0 - (0 + -10 + -1))) + 32 + 11
51
Calculate (-98 - -71 - (-17 + -61)) + -35.
16
Calculate -24 + (-56 - -53) + -15.
-42
Evaluate (-13 - -1) + (10 - 51 - -44 - (0 - 3)).
-6
Evaluate 72 - (5 - 5) - (-2 + (-1 + 6 - 11)).
80
-17 + (-1 - -9) + -7 + -7 + 20
-3
What is 7 - (20 - (0 + 8)) - -16 - (-19 - -14)?
16
Evaluate -61 + 1 + 5 + (9 - 12) + 8.
-50
Calculate 26 + (-68 - (-32 - -10 - -24)).
-44
What is (15 - 3) + -10 + (-17 - -1 - -13)?
-1
What is 38 + 3 + -29 + (285 - 340)?
-43
What is the value of 2 - -9 - (-15 + -51 + 34 + (11 - 0))?
32
What is (-24 - ((53 - 50) + -30)) + 1 + 24?
28
Calculate (25 - 10) + -11 - (100 + -25 + 22).
-93
19 + (-31 - (1 - 41)) + 15
43
Calculate -22 - (15 - (22 - (-12 + 33))).
-36
Evaluate -17 + (3 - 58 - ((9 - 19) + -3)).
-59
What is 35 + -46 + (5 - -14) - (-1 - -7)?
2
What is the value of 8 + -3 - (-82 - -148 - (17 + 0))?
-44
What is the value of -41 - (4 + 0 - (-1801 + 1810))?
-36
Calculate (2 + 23 - (4 - -13)) + 4 + -11.
1
Evaluate 82 - 60 - (7 + (-14 - -54)).
-25
7 - (-44 + (-18 + 7 + 2 + 10 - 14))
64
-22 + (9 - 5) + -24 + 20 + 54
32
What is the value of -19 + -1 + (279 + -400 - -168)?
27
Evaluate 124 + -118 - 40 - (-2 + -88).
56
Evaluate (8 - -20) + -5 + -9 + -50.
-36
Calculate -48 - (-3 + 25 - (207 - 199)).
-62
Evaluate -107 - -81 - (2 + 2).
-30
What is 45 + -1 + -1 + (1 - (2 - -2)) + -3?
37
9 - (51 - (62 - 34))
-14
Evaluate 41 - ((-1 - -8) + 64 + -93).
63
What is (10 + 10 + -8 - 12) + 5 + -27 + 0?
-22
Evaluate -13 + 24 + -105 + 32 - 44.
-106
What is 8 - 0 - (18 - -54 - 60) - -60?
56
-31 - (-5 - 36 - 59)
69
Evaluate -2901 + 3053 + (-5 - 58).
89
Calculate 4 + (-10 - (-7 + 1) - (-5 - -11)) + 69.
63
What is 125 + -25 + -33 + -27?
40
Evaluate (-33 - (5 + -12)) + 9 + (-5 - -3) - 12.
-31
Evaluate -5 + -20 + (24 + -10 - (12 - 8)).
-15
What is -67 + 30 + 12 + -16?
-41
What is (9 - (-37 - -49)) + (2 - (-6 - -82))?
-77
What is -96 + 120 - (-31 + 15 + -1)?
41
((15 - -15) + -96 - 27) + -27
-120
Evaluate (1 - (0 - 2)) + 164 + -132.
35
Calculate -4 + 15 - (18 - 52 - 22) - 18.
49
What is the value of 46 + -30 + -15 - -38?
39
Calculate 1004 - 1003 - (-1 - 0).
2
7 - (33 + -64 + 27 - (0 - (7 - 2)))
6
(7 - (4 - -53)) + -8 + (12 - -3) + 3
-40
What is the value of 21 + -7 + -36 + -7?
-29
58 - 32 - 29 - 8 - -70
59
What is the value of 15 - -4 - (36 + -26 + -27)?
36
(-15 - 0) + -22 + (11 - (1 + 0))
-27
Evaluate 27 + 9 + -5 + -18 + (1 - 18).
-4
Calculate 109 + -146 + -94 + 164.
33
What is the value of 41 - (15 - (12 - -24) - -40)?
22
What is -117 - -36 - (-4 - -3) - (-14 - 2)?
-64
What is 17 + (14 - 19 - -28) + -26?
14
40 + -3 - (-15 - (-18 - (-17 + 14)))
37
What is -1 + -18 - -7 - (-669 - -627)?
30
Evaluate (76 + 28 - 211) + (-2 - -30).
-79
Evaluate 0 + -2 + -7 + -1 + (-45 - -185 - 147).
-17
-1 + -5 + -4 + (10 - 3) + 78 + 23
98
Evaluate -16 - (-276 - -239) - (-10 + (2 - (-1 - -3))).
31
Calculate (20 - (-17 + 46)) + (38 - 3) + (4 - 0).
30
(10 - (12 + -1) - 6) + -2 + -5
-14
Evaluate -24 + (-11 - 1 - -1) - 22.
-57
Calculate -18 - (36 - 19 - 9).
-26
Calculate 4 + 14 + -4 - ((78 - 214) + 231).
-81
(-11 - (-6 + -8 + 4)) + (-45 - (-9 - -5))
-42
What is 101 - -5 - (33 - (37 - (42 + -25)))?
93
Calculate 17 + -20 + (1 + -6 - (53 + 26 + -18)).
-69
Evaluate (-12 + 13 - -43) + -58.
-14
Evaluate 50 + (-94 - (-49 + 31)).
-26
Evaluate -2 + -7 - ((-17 - -49) + -9 - 14).
-18
(4 - (52 - 74)) + -20
6
Calculate 1713 + -1699 + (-4 - -2).
12
What is (-17 - -12) + -7 + (-64 - -11) - -5?
-60
Calculate -18 + 5 - (22 - 19) - (1 + -1).
-16
Evaluate 4 - -2 - (5 + -9 + 7 + 10).
-7
Calculate 16 + (-3 - 7) - (-21 - -2).
25
2 - 20 - (78 - 89) - 38
-45
-1 - -1 - (-4221 - -4257)
-36
16 - (15 - (-10 - (14 - 4)))
-19
What is 49 + -17 + 18 + -42?
8
What is the value of -390 + 403 - (-2 - 3)?
18
What is 35 + (50 - 143) + -34 + -3?
-95
What is the value of (-12 - -7) + 0 + 1 - (44 + -57)?
9
What is 59 + (-72 - -39) + -2 + (0 - -8) + -1?
31
0 + 0 + 22 + (2 + (7 - 12) - -11)
30
Evaluate (3 - -2 - -6) + -31 + (2 - -5) + 1.
-12
Evaluate (-1 - (16 - 3)) + (-206 - -199) - -12.
-9
What is -37 - (-14 - 23 - 25)?
25
4 - ((2 - (-36 + 18 + 7)) + -11)
2
Evaluate 57 - ((25 - 38 - 63) + 32).
101
What is the value of (65 - 144) + 3 - (-1 - 1)?
-74
What is the value of -12 + (14 + -3 - (48 + -15))?
-34
(21 - (57 + -19)) + (-1 - -7) + 8
-3
Calculate (-10 - (-23 - -2 - (181 - 190))) + -50.
-48
(42 - (-31 - 41)) + 7
121
(65 - -45) + -36 + (1 + 1 + -11 - 0)
65
28 + -3 + ((14 - 15) + 2 - -7)
33
Evaluate 301 - 306 - (10 + -119).
104
-8 + -9 + 40 + 17 - (-10 - -1)
49
What is 13 + (-18 + 11 - (-3 + -41 + 4))?
46
Evaluate (1 + 0 + 2 - (-27 + 38 - 17)) + -4.
5
What is the value of -165 - -220 - (29 + 18)?
8
Calculate -3 + (-3 - 3) - (10 + -26 + 13) - -15.
9
48 + -24 - 62 - -20
-18
What is the value of 118 + -136 + -30 + 2?
-46
Evaluate 5 + (1 - 19) - (2 + -8 + -31).
24
Evaluate -10 + 21 + (-3 - 48).
-40
What is the value of -16 + (56 + -7 + 9 - 4 - -14)?
52
-2 + (10 - 1) - (14 - (11 + 9 + 22))
35
-42 - (-52 - -47) - -74
37
What is the value of 11 - (32 - (19 - 21 - 12))?
-35
-7 + (-4 - -7) + 5 + (-568 - -489)
-78
Calculate 7 - (52 - 15) - (-100 + 44).
26
What is the value of (-73 - -90) + -75 - (-16 - -1)?
-43
Evaluate (-2425 - -2579) + (0 - 169).
-15
Calculate -47 + -5 + (2 + 17 - (-17 - -26)).
-42
What is the value of -14 + -2 + 2149 + -2123?
10
Calculate (39 + -5 - -52) + 13 + 15.
114
12012 - 11979 - (-1 + -1 + 8 + -4 + -2)
33
What is the value of 25 + (-24 - (-2 + -17) - -27)?
47
Evaluate (112 - 109) + -33 - -38.
8
-4 + -14 + 26 - (6 + (-5 - -2) - 6)
11
What is the value of (129 - 16 - -8) + -134?
-13
Evaluate -50 + 42 + -43 + 34 + (92 - 0).
75
90 + -162 - -70 - (1 - 16)
13
Calculate 21 + -1 + -412 + 245 + 125.
-22
Evaluate (1 - -2 - (-409 - -407)) + 10 + -2.
13
31 - (31 - 18 - -13) - (-32 - 1)
38
What is -147 - ((43 - (18 + 12)) + (-25 - -1)) - 4?
-140
What is the value of (55 - (-70 - -30)) + -76?
19
-752 + 864 - (4 - -110)
-2
Calculate 10 + (-16 - (-8 - 13 - 3)).
18
Evaluate (-12 - (-15 - 9) - (2 + -3)) + -53.
-40
What is the value of -3 + (39 - (-4 - -6)) - (-76 + 102 + -29)?
37
What is -51 + 1 + 2 + (0 + -19 - -11) - 1?
-57
65 - (97 - (-34 + 7))
-59
Evaluate 22 + -1 + -10 + (10 - 12).
9
What is -17 - (-13 - 38) - -23?
57
Evaluate -61 - ((10 - -1 - 24) + 24 + 2).
-74
1996 + -2044 + (0 - -1)
-47
What is the value of 78 + (-17 + -2 - (-12 - -27)) + 20?
64
What is the value of -59 - -41 - (92 + -49)?
-61
(-1771 - -1721) + 30 + 1
-19
What is the value of (36 - 7 - (-59 + 98)) + (-4 - 2)?
-16
Evaluate 11 - ((9 - -9) + 2) - -28 - (11 - 12).
20
Calculate (-73 + -65 - -61) + 76.
-1
Calculate (-2 - (-3 + 3)) + 214 + -214 - 12.
-14
42 + (39 - 55 - (-8 + 7)) + 25
52
What is 29 + -17 + (-12 - 8) + 38 + 17?
47
(13 - 22 - -11) + 12 + 13 + -1
26
What is 5 + (-1 - -7) - (8 + -8 - -7)